8?
6027
What is -210a (base 12) in base 3?
-11221201
Convert -2a9b (base 15) to base 7.
-35444
What is 5833 (base 10) in base 12?
3461
2204 (base 5) to base 6
1224
What is 2303 (base 11) in base 7?
11554
What is 106b (base 15) in base 2?
110110010100
-2271 (base 8) to base 7
-3345
15 (base 13) to base 9
20
5241 (base 8) to base 5
41341
What is -104042 (base 6) in base 3?
-102212222
What is -531a (base 16) in base 9?
-32157
Convert 50 (base 7) to base 4.
203
What is -507 (base 9) in base 4?
-12130
What is 7be (base 15) in base 5?
24004
What is 1b758 (base 13) in base 8?
151340
30203 (base 4) to base 2
1100100011
Convert -383 (base 9) to base 15.
-163
Convert -111321 (base 4) to base 8.
-2571
What is 1101101111 (base 2) in base 14?
46b
What is -12202121 (base 3) in base 12?
-2521
Convert -fb5 (base 16) to base 6.
-30341
Convert 3324 (base 6) to base 7.
2152
Convert -173056 (base 8) to base 15.
-13a17
What is -3cb9 (base 14) in base 3?
-112202001
Convert -4217 (base 10) to base 8.
-10171
-101000010010000 (base 2) to base 8
-50220
-178 (base 16) to base 4
-11320
What is 100101011101011 (base 2) in base 13?
8964
-2348 (base 9) to base 14
-8c9
What is -1771 (base 10) in base 11?
-1370
What is 3b1a (base 12) in base 10?
6790
What is -65335 (base 8) in base 16?
-6add
Convert -c049 (base 16) to base 9.
-74464
Convert -12110 (base 6) to base 4.
-123222
What is -10234 (base 5) in base 15?
-314
-9e5 (base 16) to base 11
-19a3
What is -197 (base 12) in base 11?
-216
Convert 4dc (base 14) to base 10.
978
Convert 122020020 (base 3) to base 16.
3111
245013 (base 7) to base 5
2414233
4d6 (base 15) to base 12
779
-9153 (base 12) to base 2
-11110110001111
What is -4a0 (base 11) in base 2?
-1001010010
What is -2114 (base 9) in base 10?
-1552
What is -6e16 (base 16) in base 7?
-145110
What is -1140 (base 13) in base 15?
-ab3
Convert -2561 (base 10) to base 12.
-1595
45124 (base 9) to base 11
20596
-201022100 (base 3) to base 8
-33374
What is 1121 (base 3) in base 15?
2d
712 (base 8) to base 5
3313
What is -16261 (base 7) in base 5?
-121400
Convert 53302 (base 6) to base 3.
100221002
Convert -20044 (base 5) to base 6.
-5522
Convert -132333 (base 4) to base 5.
-30413
What is -1011102 (base 3) in base 2?
-1101010000
3541 (base 11) to base 8
11043
Convert 69 (base 16) to base 6.
253
Convert 771 (base 10) to base 3.
1001120
-8833 (base 10) to base 14
-330d
Convert 100001101111 (base 2) to base 7.
6203
-298 (base 14) to base 8
-1016
a418 (base 12) to base 5
1033001
Convert -111002 (base 4) to base 11.
-1014
What is 2502 (base 6) in base 11?
509
What is -3131032 (base 4) in base 9?
-21371
Convert -3092 (base 10) to base 4.
-300110
Convert 1342 (base 7) to base 10.
520
Convert -791 (base 15) to base 9.
-2311
What is 5fe (base 16) in base 15?
6c4
Convert 83b5 (base 12) to base 7.
56651
2713 (base 8) to base 14
77d
What is 5892 (base 13) in base 16?
30a8
What is -102022021 (base 3) in base 2?
-10000000110010
Convert 267 (base 11) to base 14.
187
Convert -78bc (base 13) to base 5.
-1020021
Convert -201131 (base 7) to base 4.
-20103230
Convert 1000100011001 (base 2) to base 12.
2649
1254 (base 13) to base 2
101000101100
Convert 20003 (base 5) to base 2.
10011100101
-32929 (base 11) to base 9
-72385
What is -6f39 (base 16) in base 13?
-cc63
1110000011010111 (base 2) to base 15
120c4
Convert -36135 (base 7) to base 8.
-22170
Convert 131a (base 11) to base 13.
a1c
1062 (base 8) to base 2
1000110010
Convert -4345 (base 6) to base 16.
-3e9
Convert 1110111000 (base 2) to base 7.
2530
What is 10947 (base 14) in base 5?
2241433
Convert -251 (base 12) to base 4.
-11131
Convert 2aa (base 11) to base 15.
192
10000100100010 (base 2) to base 13
3b26
Convert 1619 (base 14) to base 5.
111233
200334 (base 6) to base 13
71a4
Convert 2311 (base 5) to base 2.
101001011
Convert 909 (base 14) to base 9.
2380
What is 35 (base 9) in base 6?
52
Convert -23320 (base 4) to base 12.
-534
Convert -51363 (base 8) to base 4.
-11023303
-10323 (base 5) to base 3
-222102
What is 17d2 (base 14) in base 5?
114200
1132300 (base 4) to base 13
29b6
1273a (base 11) to base 7
104020
What is -88 (base 10) in base 6?
-224
310231 (base 5) to base 16
2752
Convert -10100000100 (base 2) to base 5.
-20114
Convert 19be (base 15) to base 11.
4212
419 (base 16) to base 15
49e
What is -112444 (base 6) in base 10?
-9676
-420 (base 5) to base 8
-156
Convert -222001 (base 4) to base 3.
-10200121
What is -3010 (base 4) in base 14?
-100
11001221 (base 3) to base 8
5630
What is -f97 (base 16) in base 5?
-111431
Convert 4021 (base 16) to base 12.
9601
What is -3413 (base 6) in base 2?
-1100100001
Convert -211211 (base 5) to base 11.
-5335
Convert -b37 (base 14) to base 12.
-1339
What is 2195 (base 14) in base 7?
22645
Convert 2068 (base 11) to base 10.
2736
-3a19 (base 11) to base 2
-1010001100111
What is 59a (base 15) in base 11?
a55
Convert 1210020 (base 4) to base 9.
8710
12514 (base 8) to base 6
41124
What is b7a0 (base 16) in base 3?
2101111001
Convert 101233 (base 4) to base 12.
7a7
What is 201055 (base 6) in base 7?
64034
What is 122221 (base 4) in base 16?
6a9
What is 10d (base 15) in base 7?
460
113 (base 6) to base 16
2d
What is -202132 (base 4) in base 3?
-10000201
Convert -137 (base 9) to base 7.
-223
What is 222205 (base 7) in base 13?
14aca
Convert 165 (base 14) to base 10.
285
What is 332113 (base 4) in base 2?
111110010111
110210122 (base 3) to base 8
22164
174 (base 10) to base 12
126
Convert 13303 (base 6) to base 12.
1233
What is -626 (base 15) in base 16?
-56a
8a5 (base 15) to base 10
1955
Convert -201102 (base 3) to base 6.
-2232
What is -381 (base 13) in base 14?
-31a
What is -700 (base 15) in base 7?
-4410
What is -1188 (base 9) in base 14?
-478
What is 1232243 (base 5) in base 6?
303241
What is -18c8 (base 13) in base 15?
-1178
-1539 (base 11) to base 12
-118a
Convert 2110 (base 5) to base 11.
235
What is -31cc (base 16) in base 15?
-3b9d
What is -23030 (base 4) in base 13?
-431
-35a (base 13) to base 3
-210120
-12011 (base 3) to base 7
-256
What is 2020333 (base 5) in base 7?
164011
Convert -10110000011 (base 2) to base 12.
-997
-332321 (base 5) to base 15
-3676
Convert -14386 (base 13) to base 4.
-21101032
Convert -4130 (base 16) to base 12.
-97a8
Convert 7310 (base 8) to base 5.
110114
Convert 55a (base 16) to base 2.
10101011010
Convert -65510 (base 9) to base 5.
-2342200
Convert -16 (base 7) to base 13.
-10
What is 2440 (base 7) in base 13?
550
What is a08 (base 14) in base 3?
2200220
-771 (base 9) to base 3
-212101
-160 (base 16) to base 3
-111001
5057 (base 16) to base 3
1001012202
-9d1 (base 14) to base 7
-5451
What is -124 (base 12) in base 14?
-c4
What is 1a2 (base 13) in base 4?
10231
Convert 3131 (base 6) to base 4.
22333
Convert 1d4 (base 16) to base 3.
122100
What is 149 (base 14) in base 10?
261
What is 5787 (base 10) in base 14?
2175
What is 1111111111 (base 2) in base 5?
13043
5747 (base 14) to base 2
11101100110011
-99a5 (base 14) to base 12
-13491
What is 13a (base 13) in base 7?
431
Convert 159 (base 12) to base 9.
256
Convert 1856 (base 9) to base 10.
1428
What is 1220 (base 5) in base 4?
2321
-31133 (base 6) to base 4
-1001001
Convert 1212 (base 12) to base 2.
11111101110
-133222 (base 5) to base 14
-1da5
What is -112302 (base 4) in base 8?
-2662
What is -462 (base 11) in base 9?
-673
What is 617 (base 8) in base 11?
333
What is -296 (base 14) in base 6?
-2232
Convert -219c (base 13) to base 3.
-20102210
d17 (base 15) to base 4
232003
What is -3d13 (base 14) in base 7?
-43323
Convert -3344232 (base 5) to base 4.
-32132311
Convert 200001101 (base 3) to base 9.
20041
-16583 (base 11) to base 15
-6d9d
Convert -46a (base 16) to base 3.
-1112212
-512 (base 11) to base 16
-26a
Convert 332 (base 15) to base 4.
23102
1330101 (base 4) to base 9
11816
Convert -91a7 (base 16) to base 9.
-56130
-237 (base 14) to base 7
-1200
What is -411 (base 7) in base 12?
-150
Convert 37b2 (base 15) to base 6.
130535
What is 549 (base 10) in base 4?
20211
Convert -7556 (base 10) to base 6.
-54552
What is -11010111101 (base 2) in base 7?
-5013
Convert 22020 (base 4) to base 15.
2d3
Convert 526 (base 7) to base 10.
265
What is 1184 (base 9) in base 3?
1012211
10011102 (base 3) to base 5
33211
What is 50123 (ba